igit of 1929587?
8
What is the millions digit of 4945361?
4
What is the ten thousands digit of 79028?
7
What is the thousands digit of 363179?
3
What is the hundred thousands digit of 17123943?
1
What is the hundreds digit of 236035?
0
What is the hundred thousands digit of 856872?
8
What is the units digit of 256025?
5
What is the millions digit of 3796872?
3
What is the tens digit of 2798097?
9
What is the ten thousands digit of 3027516?
2
What is the ten thousands digit of 145381?
4
What is the hundreds digit of 388379?
3
What is the tens digit of 226540?
4
What is the thousands digit of 579627?
9
What is the hundreds digit of 35735?
7
What is the hundred thousands digit of 1693155?
6
What is the thousands digit of 136347?
6
What is the ten thousands digit of 148345?
4
What is the tens digit of 7591?
9
What is the hundred thousands digit of 268123?
2
What is the ten thousands digit of 543229?
4
What is the ten thousands digit of 2040021?
4
What is the tens digit of 1916583?
8
What is the tens digit of 890604?
0
What is the ten thousands digit of 619045?
1
What is the ten thousands digit of 254515?
5
What is the units digit of 2407233?
3
What is the units digit of 377041?
1
What is the units digit of 232144?
4
What is the tens digit of 294974?
7
What is the hundred thousands digit of 157215?
1
What is the tens digit of 622713?
1
What is the ten thousands digit of 4982740?
8
What is the thousands digit of 5823389?
3
What is the units digit of 13377401?
1
What is the hundred thousands digit of 1325780?
3
What is the thousands digit of 329108?
9
What is the units digit of 465705?
5
What is the ten thousands digit of 9941216?
4
What is the millions digit of 23946273?
3
What is the units digit of 1428549?
9
What is the hundreds digit of 942076?
0
What is the units digit of 817558?
8
What is the thousands digit of 917056?
7
What is the ten millions digit of 21671242?
2
What is the ten thousands digit of 20714755?
1
What is the units digit of 2423872?
2
What is the tens digit of 16259311?
1
What is the tens digit of 300808?
0
What is the units digit of 1354741?
1
What is the ten thousands digit of 142287?
4
What is the thousands digit of 3191122?
1
What is the ten thousands digit of 3613678?
1
What is the ten thousands digit of 7168680?
6
What is the ten thousands digit of 186883?
8
What is the tens digit of 2441522?
2
What is the thousands digit of 8227688?
7
What is the millions digit of 1028850?
1
What is the ten thousands digit of 866567?
6
What is the tens digit of 794929?
2
What is the hundreds digit of 2749032?
0
What is the ten millions digit of 28760486?
2
What is the units digit of 1243557?
7
What is the ten thousands digit of 326647?
2
What is the ten thousands digit of 129230?
2
What is the tens digit of 237501?
0
What is the ten thousands digit of 2315002?
1
What is the hundreds digit of 20529329?
3
What is the tens digit of 1830615?
1
What is the hundreds digit of 5408897?
8
What is the tens digit of 8939863?
6
What is the hundreds digit of 1562633?
6
What is the hundred thousands digit of 177243?
1
What is the ten thousands digit of 598233?
9
What is the thousands digit of 293470?
3
What is the tens digit of 11839011?
1
What is the hundred thousands digit of 504207?
5
What is the hundred thousands digit of 3693857?
6
What is the hundreds digit of 751626?
6
What is the units digit of 532264?
4
What is the hundreds digit of 2665831?
8
What is the millions digit of 18099582?
8
What is the units digit of 4138319?
9
What is the ten thousands digit of 145914?
4
What is the tens digit of 345983?
8
What is the hundreds digit of 5401134?
1
What is the tens digit of 8431555?
5
What is the ten millions digit of 13489478?
1
What is the hundred thousands digit of 796564?
7
What is the hundreds digit of 714513?
5
What is the ten thousands digit of 1789460?
8
What is the hundred thousands digit of 1713002?
7
What is the hundreds digit of 1486906?
9
What is the units digit of 958428?
8
What is the hundred thousands digit of 1588766?
5
What is the ten thousands digit of 8460031?
6
What is the hundred thousands digit of 3101898?
1
What is the thousands digit of 3549126?
9
What is the hundreds digit of 1172612?
6
What is the ten thousands digit of 279173?
7
What is the tens digit of 237885?
8
What is the ten thousands digit of 182490?
8
What is the units digit of 97474?
4
What is the tens digit of 2074812?
1
What is the ten thousands digit of 383882?
8
What is the thousands digit of 4165675?
5
What is the units digit of 7516733?
3
What is the hundreds digit of 2084338?
3
What is the units digit of 2214327?
7
What is the tens digit of 5903292?
9
What is the hundred thousands digit of 1080532?
0
What is the units digit of 69626?
6
What is the thousands digit of 2441973?
1
What is the tens digit of 8760474?
7
What is the units digit of 2469196?
6
What is the units digit of 13902184?
4
What is the hundred thousands digit of 293187?
2
What is the units digit of 659937?
7
What is the units digit of 3961932?
2
What is the hundreds digit of 2703361?
3
What is the hundreds digit of 1588019?
0
What is the hundred thousands digit of 272493?
2
What is the thousands digit of 8747179?
7
What is the ten thousands digit of 12659300?
5
What is the ten thousands digit of 10428834?
2
What is the thousands digit of 20876880?
6
What is the ten thousands digit of 40237?
4
What is the tens digit of 2076672?
7
What is the ten thousands digit of 662165?
6
What is the ten thousands digit of 12383562?
8
What is the units digit of 2496104?
4
What is the thousands digit of 14415?
4
What is the thousands digit of 7876?
7
What is the thousands digit of 538529?
8
What is the ten thousands digit of 371460?
7
What is the thousands digit of 5965983?
5
What is the ten thousands digit of 40451134?
5
What is the hundreds digit of 1278621?
6
What is the tens digit of 949483?
8
What is the hundred thousands digit of 25849732?
8
What is the hundred thousands digit of 195613?
1
What is the tens digit of 12041729?
2
What is the units digit of 8788307?
7
What is the thousands digit of 499739?
9
What is the hundred thousands digit of 6175679?
1
What is the ten thousands digit of 2786680?
8
What is the thousands digit of 31353373?
3
What is the tens digit of 281421?
2
What is the tens digit of 333199?
9
What is the tens digit of 7901406?
0
What is the thousands digit of 388996?
8
What is the units digit of 19265?
5
What is the hundred thousands digit of 20400608?
4
What is the tens digit of 38628?
2
What is the ten thousands digit of 1775294?
7
What is the units digit of 115246?
6
What is the units digit of 1133423?
3
What is the thousands digit of 67687?
7
What is the units digit of 8676880?
0
What is the ten thousands digit of 34914?
3
What is the millions digit of 2947488?
2
What is the ten millions digit of 17312233?
1
What is the tens digit of 762380?
8
What is the units digit of 1131449?
9
What is the units digit of 1446135?
5
What is the ten thousands digit of 629420?
2
What is the millions digit of 2228364?
2
What is the units digit of 553148?
8
What is the ten thousands digit of 403600?
0
What is the ten thousands digit of 420995?
2
What is the units digit of 3808490?
0
What is the tens digit of 448785?
8
What is the units digit of 45625?
5
What is the hundred thousands digit of 6363976?
3
What is the tens digit of 117572?
7
What is the hundreds digit of 646343?
3
What is the hundreds digit of 20465654?
6
What is the ten thousands digit of 88203?
8
What is the units digit of 13361057?
7
What is the thousands digit of 353104?
3
What is the hundreds digit of 204909?
9
What is the tens digit of 1457638?
3
What is the thousands digit of 144582?
4
What is the tens digit of 189251?
5
What is the units digit of 3865?
5
What is the hundred thousands digit of 1811799?
8
What is the hundreds digit of 27227?
2
What is the hundreds digit of 62764?
7
What is the tens digit of 193487?
8
What is the units digit of 9993621?
1
What is the units digit of 1122344?
4
What is the hundreds digit of 39725?
7
What is the ten thousands digit of 638100?
3
What is the tens digit of 73362?
6
What is the thousands digit of 187954?
7
What is the units digit of 1491566?
6
What is the hundred thousands digit of 476